 is divided by 327?
324
Calculate the remainder when 744419 is divided by 1545.
1274
What is the remainder when 703015 is divided by 702803?
212
What is the remainder when 381889 is divided by 1949?
1834
What is the remainder when 96832 is divided by 2607?
373
What is the remainder when 2412424 is divided by 602998?
432
What is the remainder when 2168254 is divided by 96?
94
What is the remainder when 926 is divided by 54?
8
What is the remainder when 3251873 is divided by 1083952?
17
Calculate the remainder when 115909 is divided by 111.
25
What is the remainder when 2797013 is divided by 2597?
44
Calculate the remainder when 48297853 is divided by 81.
64
What is the remainder when 191391 is divided by 95580?
231
Calculate the remainder when 473192 is divided by 127.
117
Calculate the remainder when 103029 is divided by 102616.
413
What is the remainder when 7287 is divided by 287?
112
Calculate the remainder when 3288330 is divided by 28594.
20
What is the remainder when 733028 is divided by 43?
7
Calculate the remainder when 21232717 is divided by 940.
937
What is the remainder when 3559615 is divided by 511?
500
Calculate the remainder when 27821 is divided by 1197.
290
What is the remainder when 49128 is divided by 528?
24
What is the remainder when 17768 is divided by 8716?
336
Calculate the remainder when 9553736 is divided by 1619.
17
What is the remainder when 86356637 is divided by 62?
61
What is the remainder when 1977114 is divided by 9503?
490
What is the remainder when 135155 is divided by 407?
31
Calculate the remainder when 1231095 is divided by 102581.
123
Calculate the remainder when 2969156 is divided by 3421.
3149
What is the remainder when 38871520 is divided by 4?
0
Calculate the remainder when 41859635 is divided by 1819984.
3
Calculate the remainder when 83640 is divided by 492.
0
What is the remainder when 619236 is divided by 374?
266
What is the remainder when 386439 is divided by 386327?
112
Calculate the remainder when 85259 is divided by 6081.
125
What is the remainder when 7247582 is divided by 1449516?
2
What is the remainder when 2679280 is divided by 407?
406
Calculate the remainder when 30624266 is divided by 1145.
96
What is the remainder when 202881 is divided by 1915?
1806
Calculate the remainder when 283436 is divided by 17644.
1132
Calculate the remainder when 1509682 is divided by 50320.
82
What is the remainder when 30012128 is divided by 4245?
4223
Calculate the remainder when 57998784 is divided by 103.
102
Calculate the remainder when 345010 is divided by 3.
1
Calculate the remainder when 274539 is divided by 108.
3
What is the remainder when 33938571 is divided by 65?
56
Calculate the remainder when 5195326 is divided by 346334.
316
What is the remainder when 19676882 is divided by 9051?
8
Calculate the remainder when 158955 is divided by 508.
459
What is the remainder when 1036222 is divided by 30?
22
Calculate the remainder when 23483560 is divided by 228.
16
Calculate the remainder when 1412576 is divided by 176552.
160
What is the remainder when 531866 is divided by 1310?
6
Calculate the remainder when 20057815 is divided by 207.
136
What is the remainder when 417750 is divided by 6528?
6486
What is the remainder when 100687 is divided by 275?
37
Calculate the remainder when 36138 is divided by 3020.
2918
What is the remainder when 11900711 is divided by 1388?
1387
What is the remainder when 161208182 is divided by 41?
36
Calculate the remainder when 51711 is divided by 17051.
558
What is the remainder when 1218855 is divided by 1218817?
38
Calculate the remainder when 212814 is divided by 2882.
2428
What is the remainder when 3391598 is divided by 21326?
764
What is the remainder when 2449219 is divided by 755?
754
Calculate the remainder when 3372491 is divided by 18.
11
Calculate the remainder when 1766615 is divided by 18023.
361
What is the remainder when 79932 is divided by 6028?
1568
Calculate the remainder when 196340 is divided by 2726.
68
What is the remainder when 5916757 is divided by 257250?
7
Calculate the remainder when 131629 is divided by 13405.
10984
Calculate the remainder when 7480487 is divided by 12223.
11
Calculate the remainder when 3221018 is divided by 4167.
4094
Calculate the remainder when 176051 is divided by 88011.
29
Calculate the remainder when 5617689 is divided by 35.
14
Calculate the remainder when 383141 is divided by 54733.
10
Calculate the remainder when 23496 is divided by 9504.
4488
Calculate the remainder when 10265 is divided by 1959.
470
What is the remainder when 27065 is divided by 644?
17
What is the remainder when 210218 is divided by 40833?
6053
Calculate the remainder when 57448 is divided by 6906.
2200
What is the remainder when 2264642 is divided by 5537?
9
What is the remainder when 1241691 is divided by 106?
7
What is the remainder when 22512689 is divided by 8046?
8027
Calculate the remainder when 8854497 is divided by 1475730.
117
Calculate the remainder when 1001335 is divided by 1814.
7
Calculate the remainder when 2277685 is divided by 13237.
921
What is the remainder when 37028 is divided by 608?
548
What is the remainder when 25921449 is divided by 2095?
14
Calculate the remainder when 35633900 is divided by 3959322.
2
What is the remainder when 28272674 is divided by 3911?
55
What is the remainder when 565972 is divided by 94313?
94
What is the remainder when 350821 is divided by 1351?
912
Calculate the remainder when 17106163 is divided by 153.
151
Calculate the remainder when 253173 is divided by 1994.
1929
What is the remainder when 366760 is divided by 696?
664
What is the remainder when 6940575 is divided by 4?
3
What is the remainder when 433188 is divided by 838?
780
Calculate the remainder when 37945033 is divided by 5.
3
Calculate the remainder when 10809683 is divided by 309.
245
Calculate the remainder when 56525 is divided by 5860.
3785
What is the remainder when 1305481 is divided by 416?
73
Calculate the remainder when 20298841 is divided by 50.
41
What is the remainder when 3457727 is divided by 691545?
2
What is the remainder when 3262017 is divided by 30?
27
What is the remainder when 870463 is divided by 800?
63
Calculate the remainder when 2965928 is divided by 121.
97
Calculate the remainder when 1567173 is divided by 659.
71
Calculate the remainder when 752424 is divided by 394.
278
What is the remainder when 242335883 is divided by 51?
50
Calculate the remainder when 20323 is divided by 4986.
379
What is the remainder when 12476747 is divided by 10070?
17
What is the remainder when 5647939 is divided by 13?
11
Calculate the remainder when 376543 is divided by 377.
297
What is the remainder when 22518537 is divided by 15?
12
What is the remainder when 3736006 is divided by 933996?
22
Calculate the remainder when 821272 is divided by 1229.
300
Calculate the remainder when 770204 is divided by 256722.
38
What is the remainder when 1778896 is divided by 56?
0
Calculate the remainder when 2746358 is divided by 699.
686
Calculate the remainder when 828856 is divided by 18139.
12601
Calculate the remainder when 13170219 is divided by 2847.
2844
Calculate the remainder when 10157702 is divided by 307.
300
Calculate the remainder when 7285 is divided by 4259.
3026
Calculate the remainder when 304744 is divided by 23434.
102
Calculate the remainder when 1292714 is divided by 39173.
5
Calculate the remainder when 85427 is divided by 9191.
2708
Calculate the remainder when 5621 is divided by 5029.
592
Calculate the remainder when 305156 is divided by 152535.
86
Calculate the remainder when 2859437 is divided by 63542.
47
What is the remainder when 14103501 is divided by 287?
34
What is the remainder when 99629 is divided by 45?
44
Calculate the remainder when 3670413 is divided by 58.
57
What is the remainder when 11561220 is divided by 219?
210
What is the remainder when 748944 is divided by 2282?
448
Calculate the remainder when 42079 is divided by 1025.
54
What is the remainder when 25303970 is divided by 76?
74
Calculate the remainder when 5841548631 is divided by 599.
598
Calculate the remainder when 1627666399 is divided by 2965.
2964
What is the remainder when 153072 is divided by 152985?
87
What is the remainder